3. What is p(-5)?
3
Let y(v) = v**3 + 2*v**2 - 5*v - 4. What is y(-3)?
2
Let v(i) = -i**3 + 14*i**2 - 15*i + 15. Give v(13).
-11
Let s(b) = -106*b + 739. Calculate s(7).
-3
Let b(l) = -l**2 + 2*l - 2. Determine b(1).
-1
Let z(w) = w**3 - 8*w**2 + 4*w - 10. Determine z(7).
-31
Let f(h) = h**2 + 12*h - 51. Determine f(-17).
34
Let l(f) = -f - 19. Calculate l(-9).
-10
Let v(a) = 3*a - 20. Determine v(11).
13
Let r(b) = b**3 - 2*b**2 - 27*b + 13. What is r(6)?
-5
Let k(f) = 4*f**2 - 27*f + 15. Give k(6).
-3
Let o(c) = -5*c**2 - 2*c - 3. Determine o(-1).
-6
Let f(w) = -w**2 + 9*w - 2. What is f(11)?
-24
Let m(z) = z + 8. What is m(-5)?
3
Let s(z) = z**3 - 2*z**2 - 11*z + 5. Give s(4).
-7
Let r(u) = -u**3 - 8*u**2 + 9*u - 6. Give r(-9).
-6
Let h(q) = -3*q**3 + q**2 - q + 1. What is h(1)?
-2
Let o(j) = -16*j + 75. Calculate o(5).
-5
Let r(p) = -8*p**2 + 13*p - 3. Give r(2).
-9
Let y(b) = -b**3 + 12*b**2 - 16*b + 20. Determine y(11).
-35
Let j(t) = t - 10. What is j(9)?
-1
Let a(c) = -9*c**2 + 2. What is a(2)?
-34
Let i(z) = 2*z + 16. Give i(-6).
4
Let l(u) = u**3 - 15*u**2 - 18*u + 37. What is l(16)?
5
Let m(r) = -3*r**2 + 3*r. Determine m(2).
-6
Let d(y) = y**2 - 12*y + 6. Give d(11).
-5
Let q(c) = -c - 18. Determine q(11).
-29
Let h(v) = -2*v**2 - v - 2. Give h(-2).
-8
Let j(t) = -15*t**2 + 4*t + 6. Give j(-1).
-13
Let v(l) = 11*l + 62. Calculate v(-15).
-103
Let h(q) = 5*q - 2. Give h(-2).
-12
Let j(b) = -2*b + 1. Determine j(7).
-13
Let v(z) = 22*z - 396. Give v(18).
0
Let c(k) = 9*k - 1. Give c(-3).
-28
Let q(h) = -15*h**3 + h**2 + 4*h + 3. Determine q(-1).
15
Let f(g) = 14*g**2 - 3*g + 1. Give f(0).
1
Let q(g) = 3*g**3 + g**2 + 3*g. Determine q(-1).
-5
Let y(s) = 2*s**2 - 24*s + 86. What is y(5)?
16
Let r(c) = -c**3 - 2*c**2 - 1. Calculate r(-2).
-1
Let i(b) = -b**2 + 38*b - 312. Determine i(12).
0
Let l(f) = -f**3 - 5*f**2 - 6*f - 1. What is l(-4)?
7
Let o(i) = -12*i + 8. Give o(9).
-100
Let u(p) = 3*p**2 + 54*p + 4. Calculate u(-18).
4
Let b(n) = -3*n - 8. Give b(15).
-53
Let t(k) = 16*k + 52. What is t(-4)?
-12
Let k(o) = o**3 - 16*o**2 - 3*o + 27. Calculate k(16).
-21
Let c(r) = -r**3 + r - 2. What is c(0)?
-2
Let l(q) = 44*q - 315. Give l(7).
-7
Let p(c) = c**3 + 20*c**2 + 35*c - 31. Give p(-18).
-13
Let c(u) = -16*u + 20. Calculate c(4).
-44
Let k(t) = 6*t + 96. What is k(-17)?
-6
Let v(z) = 53*z - 263. Calculate v(5).
2
Let j(c) = c**3 + 5*c**2 + 2*c - 9. Give j(-4).
-1
Let g(h) = -h**2 - 27*h - 162. Calculate g(-20).
-22
Let a(g) = 3*g**3 - 12*g**2 + 5*g. Determine a(4).
20
Let r(c) = c**2 + 15*c + 31. Give r(-14).
17
Let w(o) = 5*o. Give w(-5).
-25
Let p(f) = -3*f + 9. Give p(8).
-15
Let r(t) = t**3 - 16*t**2 + t + 14. What is r(16)?
30
Let l(y) = y**3 - 7*y**2 - 8*y - 2. What is l(8)?
-2
Let k(n) = -3*n - 35. Determine k(-10).
-5
Let m(p) = -2*p + 3. Give m(3).
-3
Let y(w) = 2*w**2 + 24*w + 6. Calculate y(-12).
6
Let o(v) = 7*v**3 + 3*v**2 + 2*v + 1. What is o(-2)?
-47
Let n(c) = 33*c - 53. Give n(2).
13
Let l(q) = -6*q**2 - 2. Calculate l(-2).
-26
Let a(h) = h**3 + 9*h**2 - 4*h + 4. Give a(-6).
136
Let w(h) = h**2 + 2*h. Give w(-1).
-1
Let n(l) = l**3 + 17*l**2 - 19*l - 31. Calculate n(-18).
-13
Let t(i) = -21*i + 59. Give t(6).
-67
Let s(x) = -x**3 - 9*x**2 + 9*x - 10. Calculate s(-10).
0
Let r(z) = -5*z**3 - 4*z**2 - 3*z - 1. Determine r(-2).
29
Let l(f) = f**3 + 3*f**2 + 10*f + 6. What is l(-5)?
-94
Let y(m) = m**2 + 6*m - 2. Give y(-5).
-7
Let d(x) = -68*x - 960. Determine d(-14).
-8
Let c(r) = -r**2 - 13*r - 11. Give c(-4).
25
Let i(c) = c**2 - 7*c + 2. What is i(6)?
-4
Let x(z) = 34*z + 2. What is x(-4)?
-134
Let o(z) = -28*z**2 - 2*z + 1. What is o(-2)?
-107
Let n(t) = -t**3 + 13*t**2 - 22*t + 6. Give n(11).
6
Let g(t) = 26*t + 107. Give g(-5).
-23
Let j(u) = -2*u - 10. What is j(-5)?
0
Let i(x) = 132*x - 802. Calculate i(6).
-10
Let v(q) = q**3 - 3*q**2 + 1. What is v(-3)?
-53
Let p(o) = 4*o**3 - 5*o**2 + 2*o - 3. What is p(2)?
13
Let a(b) = -b**3 - 10*b**2 + 5*b + 47. Determine a(-10).
-3
Let b(m) = -2*m**2 - 3*m - 3. Calculate b(-1).
-2
Let a(x) = 4*x**2 - 54*x + 21. What is a(13)?
-5
Let y(f) = -2*f - 4. Determine y(7).
-18
Let v(m) = 3*m**3 - 3*m**2 + 10*m - 1. Give v(2).
31
Let z(p) = -p**2 + 27*p - 45. Give z(25).
5
Let i(j) = 20*j + 4. Determine i(-3).
-56
Let k(l) = l**3 - 9*l**2 - 11*l + 1. Determine k(10).
-9
Let o(d) = -2*d**2 - 48*d + 25. What is o(-25)?
-25
Let m(f) = 3*f**2 - 5*f - 10. Calculate m(3).
2
Let n(o) = -2*o**3 - 153*o**2 + 235*o + 74. Calculate n(-78).
-4
Let j(w) = w**3 - 7*w**2 + 7*w - 14. Calculate j(6).
-8
Let t(d) = d**3 - 6*d**2 - 3*d - 8. What is t(7)?
20
Let w(t) = t**3 - 15*t**2 - 15*t - 44. What is w(16)?
-28
Let j(w) = -w**3 - 7*w**2 - 8*w - 2. Calculate j(-6).
10
Let k(i) = 31*i**3 - i + 1. Calculate k(1).
31
Let y(p) = -10*p + 339. Determine y(34).
-1
Let z(p) = 5*p + 88. What is z(-14)?
18
Let u(v) = -2*v**2 + 2*v + 4. What is u(6)?
-56
Let q(v) = 37*v + 171. Calculate q(-5).
-14
Let q(x) = -x**2 - 2*x + 14. Calculate q(0).
14
Let v(x) = -x**3 + 2*x**2 + 2*x + 4. What is v(5)?
-61
Let w(b) = 2*b**3 - 26*b**2 - b - 2. Give w(13).
-15
Let i(r) = -27*r + 727. Calculate i(27).
-2
Let c(g) = g**2 - 10*g + 1. Determine c(3).
-20
Let y(k) = -k**3 + 5*k**2 + 5*k + 13. Give y(7).
-50
Let i(z) = z**3 - 15*z**2 - 18*z + 9. Give i(16).
-23
Let l(o) = o**2 - 9*o - 2. Calculate l(10).
8
Let s(n) = -n - 38. Give s(13).
-51
Let t(m) = 6*m**2 + 34*m. Determine t(-6).
12
Let q(h) = 2*h + 32. Calculate q(-16).
0
Let f(i) = -i**3 + 4*i**2 - 6*i + 10. Give f(5).
-45
Let w(b) = 5*b - 5. Calculate w(-4).
-25
Let v(r) = -r - 18. Calculate v(-9).
-9
Let r(l) = l - 14. Determine r(14).
0
Let w(x) = -x**3 + 3*x**2 - 4*x + 9. What is w(3)?
-3
Let h(y) = y**3 - 4*y**2 - 10*y + 21. Determine h(5).
-4
Let w(x) = -x**2 + 1. Give w(7).
-48
Let n(m) = m**3 + 6*m**2 - 11*m - 70. Give n(-5).
10
Let l(m) = 3*m - 11. What is l(8)?
13
Let l(h) = -h**2 + h + 25. What is l(6)?
-5
Let w(d) = -d**3 - 73*d**2 - 143*d - 65. What is w(-71)?
6
Let t(p) = -3*p**3 + 2*p**2 - 2*p. What is t(1)?
-3
Let x(y) = -2*y + 8. Calculate x(6).
-4
Let l(t) = -2*t**2 - 17*t + 4. What is l(-9)?
-5
Let c(d) = -16*d**3 + 4*d**2 + 4*d + 3. Give c(-2).
139
Let o(g) = -g - 5. Give o(4).
-9
Let r(v) = -3*v + 13. Calculate r(-15).
58
Let c(g) = -6*g - 10. Calculate c(-7).
32
Let i(c) = 8*c - 4. Give i(2).
12
Let f(r) = 4*r - 23. Give f(-9).
-59
Let f(y) = -y**3 + 13*y**2 - 10*y - 24. Determine f(12).
0
Let y(t) = 3*t**2 - 16*t - 19. Calculate y(6).
-7
Let u(s) = 2*s**2 + 20*s - 3. Give u(-10).
-3
Let o(u) = -u**3 + 9*u**2 + 9*u - 33. Determine o(9).
48
Let c(p) = -p**2 - 24*p - 14. Calculate c(-18).
94
Let q(i) = 4*i + 4. Calculate q(2).
12
Let q(t) = -2*t + 18. Give q(4).
10
Let q(x) = -4*x + 10. What is q(4)?
-6
Let g(v) = 2*v**3 - 3*v**2 - 4*v - 3. What is g(-1)?
-4
Let s(o) = o**2 - o + 7. Determine s(4).
19
Let k(w) = -w**3 - 6*w**2 - w + 4. Give k(-6).
10
Let l(u) = u**2 + u - 55. Calculate l(-8).
1
Let o(g) = -g - 1. What is o(-6)?
5
Let y(q) = -q**3 - 6*q**2 + 160*q - 1. Calculate y(-16).
-1
Let q(u) = -15*u + 13. What is q(-1)?
28
Let y(n) = -n**2 + 6*n + 6. What is y(10)?
-34
Let p(f) = -f**2 + 33*f - 13. Give p(0).
-13
Let c(s) = -2*s + 5. Give c(-2).
9
Let v(o) = o**3 - 11*o**2 + 13*o - 11. What is v(9)?
-56
Let o(d) = -d**3 + d**2 + d - 12. Determine o(0).
-12
Let j(f) = -3*f - 97. Calculate j(-29).
-10
Let x(y) = 9*y + 5. Calculate x(3).
32
Let f(u) = u**3 + 4*u**2 - 5*u - 3. What is f(-5)?
-3
Let t(o) = 2*o**2 - 40*o + 16. Calculate t(20).
16
Let r(b) = b**3 + 11*b**2 + 8*b - 21. Give r(-10).
-1
Let w(b) = -5*b - 1. Give w(1).
-6
Let f(v) = -v**2 - 12*v + 8. Calculate f(-13).
-5
Let m(y) = 16*y**2 + 17*y + 33. Calculate m(-2).
63
Let v(o) = -o**3 + o**2 - o - 41. What is v(0)?
-41
Let s(h) = -h**3 - 6*h**2 + 6*h - 7. What is s(-6)?
-43
Let x(p) = 2*p + 22. What is x(-10)?
2
Let c(y) = -25*y - 16. Determine c(-1).
9
Let x(z) = -3*z + 33. Determine x(11).
0
Let o(d) = -6*d**3 + d**2 - 21*d - 22. What is o(-1)?
6
Let x(y) = -4*y - 10. Determine x(-20).
70
Let w(x) = 8*x + 4. Give w(-3).
-20
Let a(i) = -7*i - 19. Calculate a(0).
-19
Let o(f) = -51*f - 10. Calculate o(0).
-10
Let d(r) = -r**2 + 50*r + 214. Calculate d(-4).
-2
Let i(b) = -39